prime factors of 833?
7, 17
List the prime factors of 20603.
11, 1873
What are the prime factors of 6386?
2, 31, 103
List the prime factors of 11737.
11, 97
What are the prime factors of 10199?
7, 31, 47
What are the prime factors of 903?
3, 7, 43
List the prime factors of 116919.
3, 11, 1181
List the prime factors of 46354.
2, 7, 11, 43
List the prime factors of 26.
2, 13
What are the prime factors of 51958?
2, 83, 313
List the prime factors of 2727.
3, 101
List the prime factors of 132.
2, 3, 11
What are the prime factors of 1940?
2, 5, 97
What are the prime factors of 18573?
3, 41, 151
What are the prime factors of 31908?
2, 3, 2659
What are the prime factors of 8726?
2, 4363
What are the prime factors of 25781?
7, 29, 127
What are the prime factors of 26958?
2, 3, 4493
List the prime factors of 5453.
7, 19, 41
List the prime factors of 680.
2, 5, 17
List the prime factors of 55835.
5, 13, 859
What are the prime factors of 21800?
2, 5, 109
What are the prime factors of 14864?
2, 929
What are the prime factors of 6216?
2, 3, 7, 37
List the prime factors of 1054.
2, 17, 31
List the prime factors of 18132.
2, 3, 1511
What are the prime factors of 9399?
3, 13, 241
What are the prime factors of 23175?
3, 5, 103
List the prime factors of 1028.
2, 257
What are the prime factors of 11001?
3, 19, 193
What are the prime factors of 78268?
2, 17, 1151
What are the prime factors of 4573?
17, 269
What are the prime factors of 107385?
3, 5, 7159
List the prime factors of 3115.
5, 7, 89
List the prime factors of 3135.
3, 5, 11, 19
List the prime factors of 8943.
3, 11, 271
What are the prime factors of 4280?
2, 5, 107
What are the prime factors of 6064?
2, 379
What are the prime factors of 2682?
2, 3, 149
What are the prime factors of 6007?
6007
List the prime factors of 32551.
43, 757
List the prime factors of 2759.
31, 89
What are the prime factors of 42665?
5, 7, 23, 53
List the prime factors of 143028.
2, 3, 29, 137
List the prime factors of 90614.
2, 45307
List the prime factors of 9431.
9431
List the prime factors of 43136.
2, 337
What are the prime factors of 45096?
2, 3, 1879
What are the prime factors of 95130?
2, 3, 5, 7, 151
What are the prime factors of 38181?
3, 11, 13, 89
List the prime factors of 6373.
6373
What are the prime factors of 1359?
3, 151
List the prime factors of 2223.
3, 13, 19
What are the prime factors of 1980?
2, 3, 5, 11
What are the prime factors of 2652?
2, 3, 13, 17
What are the prime factors of 62203?
17, 3659
What are the prime factors of 1260?
2, 3, 5, 7
What are the prime factors of 51770?
2, 5, 31, 167
List the prime factors of 182.
2, 7, 13
List the prime factors of 1146.
2, 3, 191
List the prime factors of 1689.
3, 563
List the prime factors of 90638.
2, 45319
List the prime factors of 20473.
59, 347
What are the prime factors of 45654?
2, 3, 7, 1087
List the prime factors of 6134.
2, 3067
What are the prime factors of 2881?
43, 67
What are the prime factors of 194?
2, 97
List the prime factors of 35580.
2, 3, 5, 593
List the prime factors of 26934.
2, 3, 67
What are the prime factors of 16127?
16127
What are the prime factors of 3950?
2, 5, 79
List the prime factors of 13937.
7, 11, 181
List the prime factors of 80376.
2, 3, 17, 197
List the prime factors of 984.
2, 3, 41
What are the prime factors of 5775?
3, 5, 7, 11
List the prime factors of 1134.
2, 3, 7
What are the prime factors of 12?
2, 3
What are the prime factors of 6781?
6781
What are the prime factors of 255?
3, 5, 17
List the prime factors of 57057.
3, 7, 11, 13, 19
List the prime factors of 21956.
2, 11, 499
List the prime factors of 1876.
2, 7, 67
What are the prime factors of 65760?
2, 3, 5, 137
List the prime factors of 32070.
2, 3, 5, 1069
What are the prime factors of 47513?
47513
What are the prime factors of 11693?
11, 1063
List the prime factors of 128.
2
What are the prime factors of 15679?
15679
List the prime factors of 5880.
2, 3, 5, 7
What are the prime factors of 1209?
3, 13, 31
List the prime factors of 646.
2, 17, 19
What are the prime factors of 1140?
2, 3, 5, 19
What are the prime factors of 54386?
2, 71, 383
List the prime factors of 4218.
2, 3, 19, 37
List the prime factors of 119072.
2, 61
List the prime factors of 12241.
12241
List the prime factors of 31767.
3, 10589
List the prime factors of 783.
3, 29
List the prime factors of 24809.
24809
What are the prime factors of 7050?
2, 3, 5, 47
List the prime factors of 31314.
2, 3, 17, 307
What are the prime factors of 6137?
17, 19
What are the prime factors of 1521?
3, 13
List the prime factors of 5582.
2, 2791
List the prime factors of 844.
2, 211
List the prime factors of 47728.
2, 19, 157
List the prime factors of 897.
3, 13, 23
List the prime factors of 3935.
5, 787
What are the prime factors of 8521?
8521
List the prime factors of 196.
2, 7
List the prime factors of 19195.
5, 11, 349
What are the prime factors of 1141?
7, 163
What are the prime factors of 45205?
5, 9041
What are the prime factors of 1721?
1721
List the prime factors of 532.
2, 7, 19
What are the prime factors of 72545?
5, 11, 1319
What are the prime factors of 721?
7, 103
List the prime factors of 117980.
2, 5, 17, 347
What are the prime factors of 1557?
3, 173
List the prime factors of 33834.
2, 3, 5639
List the prime factors of 3609.
3, 401
What are the prime factors of 995?
5, 199
What are the prime factors of 996?
2, 3, 83
List the prime factors of 4634.
2, 7, 331
What are the prime factors of 25580?
2, 5, 1279
What are the prime factors of 7182?
2, 3, 7, 19
What are the prime factors of 1345?
5, 269
What are the prime factors of 562?
2, 281
List the prime factors of 2702.
2, 7, 193
List the prime factors of 692.
2, 173
What are the prime factors of 3711?
3, 1237
List the prime factors of 5647.
5647
List the prime factors of 5449.
5449
What are the prime factors of 1695?
3, 5, 113
What are the prime factors of 2503?
2503
List the prime factors of 157665.
3, 5, 23, 457
What are the prime factors of 15911?
7, 2273
What are the prime factors of 6513?
3, 13, 167
List the prime factors of 1656.
2, 3, 23
List the prime factors of 4476.
2, 3, 373
List the prime factors of 1384.
2, 173
List the prime factors of 77666.
2, 38833
What are the prime factors of 346?
2, 173
List the prime factors of 50043.
3, 7, 2383
What are the prime factors of 5306?
2, 7, 379
What are the prime factors of 856?
2, 107
List the prime factors of 2910.
2, 3, 5, 97
What are the prime factors of 38556?
2, 3, 7, 17
What are the prime factors of 5793?
3, 1931
List the prime factors of 68059.
68059
What are the prime factors of 178?
2, 89
List the prime factors of 639.
3, 71
What are the prime factors of 2202?
2, 3, 367
What are the prime factors of 3100?
2, 5, 31
What are the prime factors of 61?
61
List the prime factors of 600.
2, 3, 5
What are the prime factors of 14743?
23, 641
List the prime factors of 8855.
5, 7, 11, 23
List the prime factors of 1051.
1051
What are the prime factors of 4587?
3, 11, 139
What are the prime factors of 740?
2, 5, 37
What are the prime factors of 6739?
23, 293
What are the prime factors of 53839?
17, 3167
What are the prime factors of 9044?
2, 7, 17, 19
What are the prime factors of 98092?
2, 137, 179
List the prime factors of 18342.
2, 3, 1019
List the prime factors of 14650.
2, 5, 293
What are the prime factors of 227?
227
List the prime factors of 258.
2, 3, 43
List the prime factors of 9258.
2, 3, 1543
List the prime factors of 14057.
14057
What are the prime factors of 1160?
2, 5, 29
What are the prime factors of 665?
5, 7, 19
What are the prime factors of 1048?
2, 131
What are the prime factors of 165?
3, 5, 11
What are the prime factors of 62478?
2, 3, 13, 89
List the prime factors of 5144.
2, 643
List the prime factors of 1198.
2, 599
What are the prime factors of 28706?
2, 31, 463
List the prime factors of 10555.
5, 2111
What are the prime factors of 251?
251
What are the prime factors of 10748?
2, 2687
List the prime factors of 103445.
5, 17, 1217
List the prime factors of 47760.
2, 3, 5, 199
What are the prime factors of 56?
2, 7
What are the prime factors of 2842?
2, 7, 29
List the prime factors of 17270.
2, 5, 11, 157
What are the prime factors of 537?
3, 179
List the prime factors of 175.